8*u - 1. Let o(z) = -3*c(z) - 4*i(z). Let w(x) = x**2 + 3*x - 1. Let d be w(-3). Calculate o(d).
6
Let h = 31 + -31. Let z(y) = y**3 + y**2 - 9. Calculate z(h).
-9
Suppose -10 = 3*y - 31. Let x(g) = -12*g + g**3 - 2 - 3 - 5*g**2 + y*g. Give x(6).
1
Let r(i) = 3 - 1 - 7 - i**2 + 7 + 4*i. Let l be (10/(-8))/((-1)/4). Give r(l).
-3
Let v(q) = 39*q - 3 + 2 + q**2 - 33*q. Suppose l + 30 = -4*l. What is v(l)?
-1
Suppose y - 5 = -3. Let b = 5 - y. Let g(p) = p**3 - p**2 - 5*p + 4. Give g(b).
7
Let v(r) be the first derivative of -r**4/4 + r**3/3 + r**2 + 30. Suppose -8 = -3*f + 2*f. Suppose 0 = -s + 5*s - f. Give v(s).
0
Let r(j) be the third derivative of j**6/4 - j**5/60 - j**2. Determine r(1).
29
Let w(p) = p + 5. Let r(k) = -3. Let l(s) = 5*r(s) + 3*w(s). Let o = 23 + -24. What is l(o)?
-3
Let m(k) be the first derivative of k**2/2 - 4*k - 3. Let y be (-26)/2 - (1 + 1). Let a be (y/(-25))/(2/10). Calculate m(a).
-1
Let c(x) = -x**3 + 3*x**2 - 1. Let m be ((-4)/6)/(1/15). Let r be 14/(-35) - 24/m. Calculate c(r).
3
Let o(v) be the second derivative of -1/12*v**4 - 1/3*v**3 + 0 - 2*v + 3/2*v**2. Calculate o(-3).
0
Suppose s + s + 5 = -5*o, 3*s = 5*o - 20. Let n(i) = 1 + 2*i**2 - 7*i - 3*i**2 + i. Determine n(s).
6
Let w(n) be the first derivative of -n**4/2 + n**3/3 + 3*n**2/2 - 2*n + 10. Let i = 3 - 1. What is w(i)?
-8
Suppose 0 = 2*r - 4*c + 2, -3*r - 4*c = -7*c - 6. Let m(j) = -j**3 + 6*j**2 - 4*j - 1. Calculate m(r).
4
Let g(b) = 2*b**2 - 2*b - 2. Let x(c) = 3*c**2 - c - 3. Let u(n) = -4*g(n) + 3*x(n). Give u(-6).
5
Let b(y) = -15*y**2 - 3 - y**3 - 3*y - 15*y**2 + 1 + 27*y**2. Let h = 4 + 0. Let p = 1 - h. Calculate b(p).
7
Let s(l) = -3*l**3 - 3*l - 4. Let m(v) = -3*v**3 - 2*v - 3. Let h(d) = 4*m(d) - 3*s(d). Suppose 5*t + 5*g + 1 - 6 = 0, -2*g = 0. Let q = t + 0. What is h(q)?
-2
Let o(b) = -2 + 4*b**3 + 4*b**3 - b - 6*b**3. What is o(-2)?
-16
Let u(d) be the first derivative of 0*d + 0*d**2 - 1 + 1/60*d**5 - 1/360*d**6 - 1/24*d**4 - 2/3*d**3. Let x(a) be the third derivative of u(a). Calculate x(2).
-1
Let l(i) be the third derivative of -i**5/20 + i**4/24 - i**3/6 - 32*i**2 + 1. Let n be (-18)/(-10) + (-3)/(-15). Calculate l(n).
-11
Let y(o) = 18 - 2*o + o - 24. Let j be -2 + (2 - 0/(-2)). What is y(j)?
-6
Let y(j) = -j**2 - 4*j. Suppose -5*w = -0*w - 10. Let c(t) = -5*t + 2*t**2 - 2*t**2 - w*t**2. Let x(n) = 2*c(n) - 3*y(n). Calculate x(2).
0
Suppose -2*c = 2*c. Let t(z) = 0*z + z**3 - 3 + 6*z**2 + 7 + 7*z + c. Determine t(-5).
-6
Let p be (-6)/(-2) - 3/(-3). Suppose p*y = 14 + 2. Let f(d) = -5*d**2 + 2 + y*d + d**3 + 2*d - d. Determine f(4).
6
Let o(a) be the first derivative of -a**2 + a - 10. Determine o(-2).
5
Suppose 13 = 2*r - 5. Let n(l) = -l**3 + 9*l**2 - l + 1. Calculate n(r).
-8
Let v(f) = 6*f**2 + 6*f - 8. Suppose 0 = 4*h + t - 19, 0*h - t - 21 = -4*h. Let a(c) = -5*c**2 - 5*c + 7. Let s(n) = h*a(n) + 4*v(n). What is s(0)?
3
Let s(f) = -f**3 + 6*f**2 + 4*f + 5. Let m(w) = -2*w**3 + 7*w**2 + 5*w + 6. Let x(b) = 3*m(b) - 4*s(b). What is x(-2)?
4
Let k(w) = -5*w + 36. Let a be k(8). Let s(o) = -2*o - 4. Calculate s(a).
4
Let h = 53 - 46. Let p(v) = v**2 - 8*v - 7. What is p(h)?
-14
Let f(w) = -5*w**2 - 8 - w**3 + 18 - 4 - 13. Give f(-5).
-7
Let v(q) = -7 + 35*q - 36*q - 4. Determine v(-9).
-2
Let s = 13 - 8. Let w(h) = -h + 1. What is w(s)?
-4
Suppose -34 = -4*m - 3*d - 14, 0 = 2*d. Let v(q) be the first derivative of -q**4/4 + 4*q**3/3 + 7*q**2/2 - 5*q - 3. What is v(m)?
5
Suppose -o - 5*t + 4 = 6, 3*o = -2*t + 7. Let f = 10 - 8. Let k(p) = 7 - p**2 - p + p**3 + p**2 - 4 - 3*p**f. Calculate k(o).
0
Let r(n) = n**3 + 3*n**2 - 2*n + 3. Suppose 4*v + 3 = u - 20, -27 = -5*u - 2*v. Suppose 19 = -i + 5*f, -i - 5*f = i - u. Determine r(i).
-5
Let g(v) = 6*v - 1. Suppose 0 = 28*f - 23*f - 5. Give g(f).
5
Let l(i) = i**2 + 8*i - 11. Let z be l(-9). Let h be (20/(-8) - -2)*z. Let v(j) = 11*j**2 + j - 1. Determine v(h).
11
Let i be ((-126)/36)/((-1)/2). Let j(y) = -y**3 + 7*y**2 - 2*y + 2. Determine j(i).
-12
Let d(a) be the second derivative of a**4/12 - 5*a**3/6 - 5*a. Determine d(3).
-6
Let a(z) = z**2 + 2*z. Let r be a(-3). Let k(x) = r - 3*x + 3*x**2 - 4*x**2 - 7 - x. What is k(-5)?
-9
Suppose -6*m - 28 = -2*m. Suppose -33 = -7*g - 110. Let j = m - g. Let x(d) = 2*d - 3. Determine x(j).
5
Let s = 8 - 5. Suppose s*x = -2*x + 10. Let f(l) = -3*l + x*l**3 - 3*l**3 + 5 - 3*l**2 - 3*l**2. What is f(-5)?
-5
Let i(l) = -l**2 + 6*l - 6. Let z(h) = 2*h**2 - 11*h + 12. Let y(k) = -5*i(k) - 2*z(k). Determine y(6).
-6
Let n be 1/5 + 9/5. Let h(y) = 2*y**2 - 4 + 4*y - 3*y**2 - n*y**2 + y**3. What is h(3)?
8
Let j be (-7)/(-21) - (-1)/(-3). Let u(v) = -4*v + 2*v - 4 + 3*v. What is u(j)?
-4
Suppose 0 = 5*q - 0*q. Suppose 5*m + 0*m = q. Let i(b) = m*b - 7 - 2*b + b. Calculate i(0).
-7
Let j(l) be the first derivative of l**2/2 + 4*l - 1. Let y = -10 - -13. Calculate j(y).
7
Let n(u) = -u + 7 - 4 + 5 + 2*u. Let w be n(-5). Let k(f) = -w*f**2 - f + 2 + 4*f**2 - f + 4*f. What is k(-2)?
2
Let z(n) = -n + 9. Let d = -64 + 71. Calculate z(d).
2
Suppose -2*f = 2*a - 7*a - 25, -4*a - f = 7. Let l(t) = -t**2 - t + 3. Let s be l(0). Let y(p) = -5*p - 2 + 4*p - 2 + s. What is y(a)?
2
Let m(s) be the third derivative of -s**5/60 - s**4/6 - 2*s**3/3 + s**2. Let h(d) = 3 + 0 + 1 - d**2. Let c be h(3). What is m(c)?
-9
Let c(l) be the second derivative of -2*l + 0 - 3/2*l**2 - 1/2*l**3 + 1/3*l**4 + 1/20*l**5. Give c(-4).
9
Let f(w) = w**2 - 8*w + 10. Let d be f(6). Let h(g) = 8*g + 3. Give h(d).
-13
Suppose 8*v = 2*v. Let r(i) = i**3 - i**2 - i - 13. Calculate r(v).
-13
Let g(w) = -w**3 + w**2 - 1. Let o(y) = -7*y**3 - 3*y**2 - 7*y + 1. Let n(l) = 6*g(l) - o(l). Determine n(-8).
1
Let j(d) = d**2 + 0*d**2 + 3 + 3 - 5*d - 8. Give j(5).
-2
Let o(v) = -v**3 - 3*v**2 + 3*v - 1. Let f = 36 + -60. Let p = f - -35. Suppose 5 = -2*y + 3*g, 0*g - p = 3*y - g. Give o(y).
3
Suppose -3*v + 12 = -5*v. Let t = -4 - v. Let g(s) = 2*s**3 - 2*s**2 - 2*s. Calculate g(t).
4
Let l(g) = -1. Let o = 3 - 5. Let n(b) = b + 2. Let c(q) = o*n(q) - 10*l(q). Suppose 0 = 4*f - 8 - 12. What is c(f)?
-4
Let c(o) = -3*o + 8 - 3*o + o + 6*o. Let y(v) = v + 1. Let n be y(5). Suppose 5*f = -11 + 31, a + 3*f = n. Calculate c(a).
2
Let p(q) = -4 - 1 + q**2 + 2*q**3 + 0*q**2 + 6. Calculate p(-2).
-11
Let o(h) = h**3 + 5*h**2 + 4*h + 1. Suppose j - 11 = -3. Suppose j = -k - k. Let b be o(k). Let i(p) = -6*p**3 - 2*p**2 + p. What is i(b)?
-7
Let s(t) = 1 + 0*t + 3 - 9 + t. Determine s(3).
-2
Let p(x) = x**2 + x - 3. Let b(j) = -j + 1. Let f(w) = -5*b(w) - p(w). Suppose 9*l - 4*l - 20 = 0. Suppose l*k - 25 = -k. Determine f(k).
-7
Let n(i) be the second derivative of -i**2 + 0 - 1/6*i**3 + 3*i. Let c be n(-6). Let d(a) = -3*a. Calculate d(c).
-12
Let c(w) = -7*w + 1. Let o be 4/2*6/4. Suppose 3*j - j - 7 = -o*p, 3 = 3*j + 2*p. Let y be 2/(j/(2/(-4))). Calculate c(y).
-6
Let r = 4 - 6. Let m be (-12)/r + (4 - 2). Let l be (15/12)/(2/m). Let i(k) = -k**2 + 6*k. Give i(l).
5
Suppose -k + 21 = -3*w, -5*k - 47 + 12 = 5*w. Let r(v) = v**3 + 6*v**2 - 4*v + 9. Calculate r(w).
-12
Suppose 2*n = -3 + 7. Let f(s) = -2 + 2 - 2*s**2 - 1 + n*s + 4*s**2. Let h be 1*1/((-2)/6). Calculate f(h).
11
Let a(w) = 4*w. Let p(l) = 4*l + 9*l - 4*l. Let v(b) = -13*a(b) + 6*p(b). Give v(-2).
-4
Let v = -8 + 14. Suppose -g - 10 = -v*g. Let j(l) = -3 + g*l**2 + 6*l - 3*l**2 + 6. Give j(5).
8
Let g(u) be the second derivative of 1/6*u**3 + 0 + 1/12*u**4 - 1/2*u**2 + u. Suppose 8 = -4*c - 0. Give g(c).
1
Let b be (-3)/(0 - 0 - 1). Let c(l) = 2*l - b + 3 - 1. Let d be (-4)/(-2) + (1 - 1). Calculate c(d).
3
Let b be 2/(-8) + 2/8. Let v(q) = b*q + 2*q - q - 4 - 4*q. Give v(-5).
11
Let h be 1/2*(2 + 4). Let t(o) = -o**2 + o - 1. Determine t(h).
-7
Let r(x) be the third derivative of -5*x**4/24 + x**3/6 - 5*x**2. Let j(k) = -16*k + 2. Let p(i) = 3*j(i) - 10*r(i). Calculate p(4).
4
Let n(v) = 2*v**2 - 2*v + 1. Let u be n(2). Suppose u = -5*i - 15. Let g(q) = -2*q**2 - 5*q + 4. Calculate g(i).
-8
Let p(c) be the third derivative of 1/6*c**3 - 2*c**2 + 0*c + 1/24*c**4 + 0. Let u be -2*(-5)/15*(-6)/(-4). What is p(u)?
2
Suppose -2*o - 5 = r, 3*o + 5*r - 3*r + 10 = 0. Let b(l) = -8 + o*l**2 - 7*l + 0*l + 11*l - 5*l**2 - l**3. Give b(-6).
4
Le